{"id":4215,"date":"2025-06-26T03:03:21","date_gmt":"2025-06-26T03:03:21","guid":{"rendered":"https:\/\/100kmdelcaribe.com\/?page_id=4215"},"modified":"2026-01-16T00:57:06","modified_gmt":"2026-01-16T00:57:06","slug":"5kmfamilyrunbypropagasingles","status":"publish","type":"page","link":"https:\/\/100kmdelcaribe.com\/index.php\/en\/5kmfamilyrunbypropagasingles\/","title":{"rendered":"5KMFAMILYRUNBYPROPAGASINGLES"},"content":{"rendered":"\t\t<div data-elementor-type=\"wp-page\" data-elementor-id=\"4215\" class=\"elementor elementor-4215\">\n\t\t\t\t<div class=\"elementor-element elementor-element-fb6ad4f e-flex e-con-boxed wpr-particle-no wpr-jarallax-no wpr-parallax-no wpr-sticky-section-no e-con e-parent\" data-id=\"fb6ad4f\" data-element_type=\"container\">\n\t\t\t\t\t<div class=\"e-con-inner\">\n\t\t<div class=\"elementor-element elementor-element-01c0db3 e-con-full e-flex wpr-particle-no wpr-jarallax-no wpr-parallax-no wpr-sticky-section-no e-con e-child\" data-id=\"01c0db3\" data-element_type=\"container\">\n\t\t\t\t<div class=\"elementor-element elementor-element-957db6c elementor-widget elementor-widget-image\" data-id=\"957db6c\" data-element_type=\"widget\" data-widget_type=\"image.default\">\n\t\t\t\t<div class=\"elementor-widget-container\">\n\t\t\t\t\t\t\t\t\t\t\t\t\t\t\t<img fetchpriority=\"high\" decoding=\"async\" width=\"600\" height=\"600\" src=\"https:\/\/100kmdelcaribe.com\/wp-content\/uploads\/2025\/06\/Diseno-sin-titulo-1-600x600.png\" class=\"attachment-woocommerce_single size-woocommerce_single wp-image-4157\" alt=\"\" srcset=\"https:\/\/100kmdelcaribe.com\/wp-content\/uploads\/2025\/06\/Diseno-sin-titulo-1-600x600.png 600w, https:\/\/100kmdelcaribe.com\/wp-content\/uploads\/2025\/06\/Diseno-sin-titulo-1-300x300.png 300w, https:\/\/100kmdelcaribe.com\/wp-content\/uploads\/2025\/06\/Diseno-sin-titulo-1-1024x1024.png 1024w, https:\/\/100kmdelcaribe.com\/wp-content\/uploads\/2025\/06\/Diseno-sin-titulo-1-150x150.png 150w, https:\/\/100kmdelcaribe.com\/wp-content\/uploads\/2025\/06\/Diseno-sin-titulo-1-768x768.png 768w, https:\/\/100kmdelcaribe.com\/wp-content\/uploads\/2025\/06\/Diseno-sin-titulo-1-100x100.png 100w, https:\/\/100kmdelcaribe.com\/wp-content\/uploads\/2025\/06\/Diseno-sin-titulo-1.png 1080w\" sizes=\"(max-width: 600px) 100vw, 600px\" \/>\t\t\t\t\t\t\t\t\t\t\t\t\t\t\t<\/div>\n\t\t\t\t<\/div>\n\t\t\t\t<\/div>\n\t\t<div class=\"elementor-element elementor-element-0aedc11 e-con-full e-flex wpr-particle-no wpr-jarallax-no wpr-parallax-no wpr-sticky-section-no e-con e-child\" data-id=\"0aedc11\" data-element_type=\"container\">\n\t\t\t\t<div class=\"elementor-element elementor-element-c17e81b wpr-fancy-text-rotate-3 wpr-advanced-text-style-animated wpr-animated-text-infinite-yes elementor-widget elementor-widget-wpr-advanced-text\" data-id=\"c17e81b\" data-element_type=\"widget\" data-settings=\"{&quot;anim_loop&quot;:&quot;yes&quot;}\" data-widget_type=\"wpr-advanced-text.default\">\n\t\t\t\t<div class=\"elementor-widget-container\">\n\t\t\t\t\t\n\t\t<h3 class=\"wpr-advanced-text\">\n\n\t\t\t\t\t\n\t\t\t\t\t\t\t<span class=\"wpr-advanced-text-preffix\">5K Family Run Propagas<\/span>\n\t\t\t\n\t\t<span class=\"wpr-anim-text wpr-anim-text-type-rotate-3 wpr-anim-text-letters\" data-anim-duration=\"200,2000\" data-anim-loop=\"yes\">\n\t\t\t<span class=\"wpr-anim-text-inner\">\n\t\t\t\t\t\t\t<\/span>\n\t\t\t\t\t<\/span>\n\n\t\t\t\t\n\t\t<\/h3>\n\t\t\n\t\t\t\t\t\t<\/div>\n\t\t\t\t<\/div>\n\t\t\t\t<div class=\"elementor-element elementor-element-b5648a6 elementor-widget elementor-widget-text-editor\" data-id=\"b5648a6\" data-element_type=\"widget\" data-widget_type=\"text-editor.default\">\n\t\t\t\t<div class=\"elementor-widget-container\">\n\t\t\t\t\t\t\t\t\t<div id=\"tw-target-text-container\" class=\"tw-ta-container tw-nfl\" tabindex=\"0\" role=\"text\"><p id=\"tw-target-text\" class=\"tw-data-text tw-text-large tw-ta\" dir=\"ltr\" data-placeholder=\"Traducci\u00f3n\" data-ved=\"2ahUKEwjmgvTBjY6OAxXdRDABHT0xD1AQ3ewLegQICRAV\" aria-label=\"Texto traducido: March 8, 2026.\"><strong>PROGRAM 6th &#8211; 7th March 2027<\/strong><br \/>100KM DEL CARIBE NON STOP by Propagas <br \/>5K FAMILY RUN Propagas &#8211; 9th Edition<\/p><h6><span style=\"text-decoration: underline;\"><strong>Saturday March 7th :<\/strong><\/span><\/h6><p><strong><span style=\"color: #0000ff;\">02:00 to 03:15 AM:<\/span> <\/strong>San Jos\u00e9 de Ocoa: Deposit of the additional bag with personal belongings to take to CP4 &#8211; La Pir\u00e1mide (only for 100K participants).<br \/><strong><span style=\"color: #0000ff;\">04:00 AM: Race starts.<\/span><\/strong> Starting point: Rancho Francisco in San Jos\u00e9 de Ocoa.<br \/><strong><span style=\"color: #0000ff;\">06:00 AM: Transfer athletes<\/span><\/strong> 50K race from Hotel Altocerro in Constanza to La Pir\u00e1mide.<span style=\"color: #ff0000;\"> This service is not available from San Jos\u00e9 de Ocoa only from Constanza.<\/span><br \/>10:00 AM: Start 50K Individual Race in La Pir\u00e1mide.<\/p><h6><span style=\"text-decoration: underline;\"><strong>Sunday March 7th<\/strong><\/span><\/h6><p><strong><span style=\"color: #0000ff;\">04:00 AM:<\/span> <\/strong>Arrival time limit 100km del Caribe Non Stop by Propagas.<br \/><strong><span style=\"color: #0000ff;\">08:00 AM:<\/span><\/strong> Kits hand over 5K Family Run Propagas<br \/><strong><span style=\"color: #0000ff;\">09:00 AM:<\/span><\/strong> Entertainment and music Hotel Altocerro &#8211; Constanza<br \/><strong><span style=\"color: #0000ff;\">10:30 AM:<\/span> <\/strong>Start 5K Family Run Propagas<br \/><strong><span style=\"color: #0000ff;\">11:30 AM:<\/span><\/strong> Award Ceremony 100km del Caribe Non Stop by Propagas and 5K Family Run Propagas<\/p><p><strong>See you next year!<\/strong><\/p><\/div>\t\t\t\t\t\t\t\t<\/div>\n\t\t\t\t<\/div>\n\t\t\t\t<\/div>\n\t\t\t\t\t<\/div>\n\t\t\t\t<\/div>\n\t\t<div class=\"elementor-element elementor-element-34061b8 e-flex e-con-boxed wpr-particle-no wpr-jarallax-no wpr-parallax-no wpr-sticky-section-no e-con e-parent\" data-id=\"34061b8\" data-element_type=\"container\">\n\t\t\t\t\t<div class=\"e-con-inner\">\n\t\t\t\t<div class=\"elementor-element elementor-element-2c3cdc2 wpr-button-icon-style-inline wpr-button-icon-position-right elementor-widget elementor-widget-wpr-button\" data-id=\"2c3cdc2\" data-element_type=\"widget\" data-widget_type=\"wpr-button.default\">\n\t\t\t\t<div class=\"elementor-widget-container\">\n\t\t\t\t\t\t\n\t\t\t\n\t\t\n\t\t<div class=\"wpr-button-wrap elementor-clearfix\">\n\t\t<div class=\"wpr-button wpr-button-effect elementor-animation-shrink\" data-text=\"Go\">\n\t\t\t\n\t\t\t<span class=\"wpr-button-content\">\n\t\t\t\t\t\t\t\t\t<span class=\"wpr-button-text\">SOON<\/span>\n\t\t\t\t\t\t\t\t\n\t\t\t\t\t\t\t\t\t<span class=\"wpr-button-icon\"><svg class=\"e-font-icon-svg e-fas-angle-right\" viewBox=\"0 0 256 512\" xmlns=\"http:\/\/www.w3.org\/2000\/svg\"><path d=\"M224.3 273l-136 136c-9.4 9.4-24.6 9.4-33.9 0l-22.6-22.6c-9.4-9.4-9.4-24.6 0-33.9l96.4-96.4-96.4-96.4c-9.4-9.4-9.4-24.6 0-33.9L54.3 103c9.4-9.4 24.6-9.4 33.9 0l136 136c9.5 9.4 9.5 24.6.1 34z\"><\/path><\/svg><\/span>\n\t\t\t\t\t\t\t<\/span>\n\t\t<\/div>\n\n\t\t\t\t<\/div>\n\t\n\t\n\t\t\t\t\t<\/div>\n\t\t\t\t<\/div>\n\t\t\t\t\t<\/div>\n\t\t\t\t<\/div>\n\t\t\t\t<\/div>\n\t\t","protected":false},"excerpt":{"rendered":"<p>5K Family Run Propagas PROGRAM 6th &#8211; 7th March 2027100KM DEL CARIBE NON STOP by Propagas 5K FAMILY RUN Propagas &#8211; 9th Edition Saturday March 7th : 02:00 to 03:15 AM: San Jos\u00e9 de Ocoa: Deposit of the additional bag with personal belongings to take to CP4 &#8211; La Pir\u00e1mide (only for 100K participants).04:00 AM: Race starts. Starting point: Rancho Francisco in San Jos\u00e9 de Ocoa.06:00 AM: Transfer athletes 50K race from Hotel Altocerro in Constanza to La Pir\u00e1mide. This service is not available from San Jos\u00e9 de Ocoa only from Constanza.10:00 AM: Start 50K Individual Race in La Pir\u00e1mide. Sunday March 7th 04:00 AM: Arrival time limit 100km del Caribe Non Stop by Propagas.08:00 AM: Kits hand over 5K Family Run Propagas09:00 AM: Entertainment and music Hotel Altocerro &#8211; Constanza10:30 AM: Start 5K Family Run Propagas11:30 AM: Award Ceremony 100km del Caribe Non Stop by Propagas and 5K Family Run Propagas See you next year! SOON<\/p>\n","protected":false},"author":1,"featured_media":0,"parent":0,"menu_order":0,"comment_status":"closed","ping_status":"closed","template":"","meta":{"footnotes":""},"class_list":["post-4215","page","type-page","status-publish","hentry"],"_links":{"self":[{"href":"https:\/\/100kmdelcaribe.com\/index.php\/wp-json\/wp\/v2\/pages\/4215","targetHints":{"allow":["GET"]}}],"collection":[{"href":"https:\/\/100kmdelcaribe.com\/index.php\/wp-json\/wp\/v2\/pages"}],"about":[{"href":"https:\/\/100kmdelcaribe.com\/index.php\/wp-json\/wp\/v2\/types\/page"}],"author":[{"embeddable":true,"href":"https:\/\/100kmdelcaribe.com\/index.php\/wp-json\/wp\/v2\/users\/1"}],"replies":[{"embeddable":true,"href":"https:\/\/100kmdelcaribe.com\/index.php\/wp-json\/wp\/v2\/comments?post=4215"}],"version-history":[{"count":8,"href":"https:\/\/100kmdelcaribe.com\/index.php\/wp-json\/wp\/v2\/pages\/4215\/revisions"}],"predecessor-version":[{"id":4433,"href":"https:\/\/100kmdelcaribe.com\/index.php\/wp-json\/wp\/v2\/pages\/4215\/revisions\/4433"}],"wp:attachment":[{"href":"https:\/\/100kmdelcaribe.com\/index.php\/wp-json\/wp\/v2\/media?parent=4215"}],"curies":[{"name":"wp","href":"https:\/\/api.w.org\/{rel}","templated":true}]}}